{"id":719,"date":"2017-10-30T22:57:55","date_gmt":"2017-10-30T22:57:55","guid":{"rendered":"http:\/\/perfectwashlavanderia.com.br\/?page_id=719"},"modified":"2017-12-19T14:18:33","modified_gmt":"2017-12-19T14:18:33","slug":"sobre-nos","status":"publish","type":"page","link":"https:\/\/perfectwashlavanderia.com.br\/index.php\/sobre-nos\/","title":{"rendered":"SOBRE N\u00d3S"},"content":{"rendered":"<div id=\"pl-719\"  class=\"panel-layout\" ><div id=\"pg-719-0\"  class=\"panel-grid panel-no-style\" ><div id=\"pgc-719-0-0\"  class=\"panel-grid-cell\" ><div id=\"panel-719-0-0-0\" class=\"so-panel widget widget_text panel-first-child panel-last-child\" data-index=\"0\" >\t\t\t<div class=\"textwidget\"><p>A Perfect Wash Lavanderia foi inaugurada em outubro de 2013, com o objetivo de facilitar o dia a dia do cliente, oferecendo servi\u00e7os de qualidade e buscando manter um relacionamento s\u00f3lido e duradouro com o consumidor.<\/p>\n<p>Utiliza o sistema Wet Cleaning, buscando o aperfei\u00e7oamento cont\u00ednuo dos servi\u00e7os oferecidos, utilizando equipamentos profissionais e funcion\u00e1rios treinados para a execu\u00e7\u00e3o do trabalho com efici\u00eancia e efic\u00e1cia.<\/p>\n<p>Os principais servi\u00e7os oferecidos pela Perfect Wash s\u00e3o lavagem e tratamento de roupas, cortinas, edredons e cobertores, vestidos de festa, tapetes, t\u00eanis, bon\u00e9s, higieniza\u00e7\u00e3o de malas, cadeirinhas de beb\u00ea, tingimento e costura.<\/p>\n<\/div>\n\t\t<\/div><\/div><div id=\"pgc-719-0-1\"  class=\"panel-grid-cell\" ><div id=\"panel-719-0-1-0\" class=\"so-panel widget widget_black-studio-tinymce widget_black_studio_tinymce panel-first-child panel-last-child\" data-index=\"1\" ><div class=\"textwidget\"><p><img loading=\"lazy\" decoding=\"async\" class=\"wp-image-724 aligncenter\" src=\"http:\/\/perfectwashlavanderia.com.br\/wp-content\/uploads\/2017\/10\/lavanderia-300x216.jpg\" alt=\"\" width=\"600\" height=\"431\" srcset=\"https:\/\/perfectwashlavanderia.com.br\/wp-content\/uploads\/2017\/10\/lavanderia-300x216.jpg 300w, https:\/\/perfectwashlavanderia.com.br\/wp-content\/uploads\/2017\/10\/lavanderia-768x552.jpg 768w, https:\/\/perfectwashlavanderia.com.br\/wp-content\/uploads\/2017\/10\/lavanderia.jpg 1000w\" sizes=\"(max-width: 600px) 100vw, 600px\" \/><\/p>\n<\/div><\/div><\/div><\/div><\/div>","protected":false},"excerpt":{"rendered":"<p>A Perfect Wash Lavanderia foi inaugurada em outubro de 2013, com o objetivo de facilitar o dia a dia do cliente, oferecendo servi\u00e7os de qualidade e buscando manter um relacionamento s\u00f3lido e duradouro com o consumidor. Utiliza o sistema Wet Cleaning, buscando o aperfei\u00e7oamento cont\u00ednuo dos servi\u00e7os oferecidos, utilizando equipamentos profissionais e funcion\u00e1rios treinados para &hellip;<\/p>\n","protected":false},"author":1,"featured_media":0,"parent":0,"menu_order":0,"comment_status":"closed","ping_status":"closed","template":"template-front-page-slider.php","meta":{"footnotes":""},"acf":[],"_links":{"self":[{"href":"https:\/\/perfectwashlavanderia.com.br\/index.php\/wp-json\/wp\/v2\/pages\/719"}],"collection":[{"href":"https:\/\/perfectwashlavanderia.com.br\/index.php\/wp-json\/wp\/v2\/pages"}],"about":[{"href":"https:\/\/perfectwashlavanderia.com.br\/index.php\/wp-json\/wp\/v2\/types\/page"}],"author":[{"embeddable":true,"href":"https:\/\/perfectwashlavanderia.com.br\/index.php\/wp-json\/wp\/v2\/users\/1"}],"replies":[{"embeddable":true,"href":"https:\/\/perfectwashlavanderia.com.br\/index.php\/wp-json\/wp\/v2\/comments?post=719"}],"version-history":[{"count":12,"href":"https:\/\/perfectwashlavanderia.com.br\/index.php\/wp-json\/wp\/v2\/pages\/719\/revisions"}],"predecessor-version":[{"id":735,"href":"https:\/\/perfectwashlavanderia.com.br\/index.php\/wp-json\/wp\/v2\/pages\/719\/revisions\/735"}],"wp:attachment":[{"href":"https:\/\/perfectwashlavanderia.com.br\/index.php\/wp-json\/wp\/v2\/media?parent=719"}],"curies":[{"name":"wp","href":"https:\/\/api.w.org\/{rel}","templated":true}]}}