{"id":592,"date":"2017-10-09T13:57:55","date_gmt":"2017-10-09T13:57:55","guid":{"rendered":"http:\/\/perfectwashlavanderia.com.br\/wordpress\/?page_id=592"},"modified":"2022-06-09T14:24:29","modified_gmt":"2022-06-09T14:24:29","slug":"servicos","status":"publish","type":"page","link":"https:\/\/perfectwashlavanderia.com.br\/index.php\/servicos\/","title":{"rendered":"Servi\u00e7os"},"content":{"rendered":"<div id=\"pl-592\"  class=\"panel-layout\" ><div id=\"pg-592-0\"  class=\"panel-grid panel-no-style\" ><div id=\"pgc-592-0-0\"  class=\"panel-grid-cell\" ><div id=\"panel-592-0-0-0\" class=\"so-panel widget widget_black-studio-tinymce widget_black_studio_tinymce panel-first-child panel-last-child\" data-index=\"0\" ><div class=\"textwidget\"><h2>Servi\u00e7os de lavanderia:<\/h2>\n<h4><strong><em>Limpeza e Higieniza\u00e7\u00e3o<\/em><\/strong><\/h4>\n<ul>\n<li>Roupas de uso pessoal , cama, mesa, banho, enxoval, roupas de beb\u00ea, tapetes, cortinas, cobertores, edredons, bolsas, bon\u00e9s, caminha de cachorro\/gato, t\u00eanis e sapato<\/li>\n<\/ul>\n<h4><strong><em>Higieniza\u00e7\u00e3o<\/em><\/strong><\/h4>\n<ul>\n<li>Malas , bolsas, bon\u00e9s, carrinho de beb\u00ea, beb\u00ea conforto, alguns tipos de cal\u00e7ados<\/li>\n<\/ul>\n<h4><strong><em>Tingimento<\/em><\/strong><\/h4>\n<ul>\n<li>Camisas, camisetas, cal\u00e7as, bermudas, vestidos, jaquetas, toalhas, roup\u00e3o, blusa, blazer, len\u00e7ol<\/li>\n<\/ul>\n<h4><strong><em>Roupas em couro leg\u00edtimo<\/em><\/strong> (lavagem, higieniza\u00e7\u00e3o e hidrata\u00e7\u00e3o)<\/h4>\n<h4><strong><em>Pr\u00e9-lavagem para identifica\u00e7\u00e3o e remo\u00e7\u00e3o de manchas<\/em><\/strong><\/h4>\n<ul>\n<li>Vinho, sangue, \u00f3leo, graxa, risco de caneta, sucos, chocolates, gorduras, etc<\/li>\n<\/ul>\n<hr \/>\n<h2><\/h2>\n<h1 style=\"text-align: center;\"><\/h1>\n<\/div><\/div><\/div><div id=\"pgc-592-0-1\"  class=\"panel-grid-cell\" ><div id=\"panel-592-0-1-0\" class=\"so-panel widget widget_black-studio-tinymce widget_black_studio_tinymce panel-first-child panel-last-child\" data-index=\"1\" ><div class=\"textwidget\"><h2>Equipamentos:<\/h2>\n<hr \/>\n<h2>Lavanderia:<\/h2>\n<ul>\n<li>Secadora 20 kgs<\/li>\n<li>Lavadora 18 Kgs \u2013 at\u00e9 70 graus<\/li>\n<li>Mesa tira mancha<\/li>\n<li>Mesa de passar \/ ferro industrial<\/li>\n<li>Embaladora<\/li>\n<li>Cabideiro autom\u00e1tico<\/li>\n<\/ul>\n<p>&nbsp;<\/p>\n<hr \/>\n<h2>Ve\u00edculo pr\u00f3prio:<\/h2>\n<ul>\n<li>Kangoo com cabideiro interno<\/li>\n<\/ul>\n<\/div><\/div><\/div><\/div><div id=\"pg-592-1\"  class=\"panel-grid panel-has-style\" ><div class=\"siteorigin-panels-stretch panel-row-style panel-row-style-for-592-1\" data-stretch-type=\"full-stretched\" ><div id=\"pgc-592-1-0\"  class=\"panel-grid-cell\" ><div id=\"panel-592-1-0-0\" class=\"so-panel widget widget_black-studio-tinymce widget_black_studio_tinymce panel-first-child panel-last-child\" data-index=\"2\" ><div class=\"textwidget\"><p><div id='gallery-1' class='gallery galleryid-592 gallery-columns-4 gallery-size-large'><figure class='gallery-item'>\n\t\t\t<div class='gallery-icon landscape'>\n\t\t\t\t<a href='https:\/\/perfectwashlavanderia.com.br\/wp-content\/uploads\/2017\/10\/dsc00235.gif'><img loading=\"lazy\" decoding=\"async\" width=\"640\" height=\"480\" src=\"https:\/\/perfectwashlavanderia.com.br\/wp-content\/uploads\/2017\/10\/dsc00235.gif\" class=\"attachment-large size-large\" alt=\"\" \/><\/a>\n\t\t\t<\/div><\/figure><figure class='gallery-item'>\n\t\t\t<div class='gallery-icon landscape'>\n\t\t\t\t<a href='https:\/\/perfectwashlavanderia.com.br\/wp-content\/uploads\/2017\/10\/dsc00236.gif'><img loading=\"lazy\" decoding=\"async\" width=\"640\" height=\"480\" src=\"https:\/\/perfectwashlavanderia.com.br\/wp-content\/uploads\/2017\/10\/dsc00236.gif\" class=\"attachment-large size-large\" alt=\"\" \/><\/a>\n\t\t\t<\/div><\/figure><figure class='gallery-item'>\n\t\t\t<div class='gallery-icon landscape'>\n\t\t\t\t<a href='https:\/\/perfectwashlavanderia.com.br\/wp-content\/uploads\/2017\/10\/dsc00237.gif'><img loading=\"lazy\" decoding=\"async\" width=\"640\" height=\"480\" src=\"https:\/\/perfectwashlavanderia.com.br\/wp-content\/uploads\/2017\/10\/dsc00237.gif\" class=\"attachment-large size-large\" alt=\"\" \/><\/a>\n\t\t\t<\/div><\/figure><figure class='gallery-item'>\n\t\t\t<div class='gallery-icon landscape'>\n\t\t\t\t<a href='https:\/\/perfectwashlavanderia.com.br\/wp-content\/uploads\/2017\/10\/dsc00238.gif'><img loading=\"lazy\" decoding=\"async\" width=\"640\" height=\"480\" src=\"https:\/\/perfectwashlavanderia.com.br\/wp-content\/uploads\/2017\/10\/dsc00238.gif\" class=\"attachment-large size-large\" alt=\"\" \/><\/a>\n\t\t\t<\/div><\/figure><figure class='gallery-item'>\n\t\t\t<div class='gallery-icon landscape'>\n\t\t\t\t<a href='https:\/\/perfectwashlavanderia.com.br\/wp-content\/uploads\/2017\/10\/dsc00239.gif'><img loading=\"lazy\" decoding=\"async\" width=\"640\" height=\"480\" src=\"https:\/\/perfectwashlavanderia.com.br\/wp-content\/uploads\/2017\/10\/dsc00239.gif\" class=\"attachment-large size-large\" alt=\"\" \/><\/a>\n\t\t\t<\/div><\/figure><figure class='gallery-item'>\n\t\t\t<div class='gallery-icon landscape'>\n\t\t\t\t<a href='https:\/\/perfectwashlavanderia.com.br\/wp-content\/uploads\/2017\/10\/dsc00240.gif'><img loading=\"lazy\" decoding=\"async\" width=\"640\" height=\"480\" src=\"https:\/\/perfectwashlavanderia.com.br\/wp-content\/uploads\/2017\/10\/dsc00240.gif\" class=\"attachment-large size-large\" alt=\"\" \/><\/a>\n\t\t\t<\/div><\/figure><figure class='gallery-item'>\n\t\t\t<div class='gallery-icon landscape'>\n\t\t\t\t<a href='https:\/\/perfectwashlavanderia.com.br\/wp-content\/uploads\/2017\/10\/dsc00241.gif'><img loading=\"lazy\" decoding=\"async\" width=\"640\" height=\"480\" src=\"https:\/\/perfectwashlavanderia.com.br\/wp-content\/uploads\/2017\/10\/dsc00241.gif\" class=\"attachment-large size-large\" alt=\"\" \/><\/a>\n\t\t\t<\/div><\/figure><figure class='gallery-item'>\n\t\t\t<div class='gallery-icon landscape'>\n\t\t\t\t<a href='https:\/\/perfectwashlavanderia.com.br\/wp-content\/uploads\/2017\/10\/dsc00242.gif'><img loading=\"lazy\" decoding=\"async\" width=\"640\" height=\"480\" src=\"https:\/\/perfectwashlavanderia.com.br\/wp-content\/uploads\/2017\/10\/dsc00242.gif\" class=\"attachment-large size-large\" alt=\"\" \/><\/a>\n\t\t\t<\/div><\/figure><figure class='gallery-item'>\n\t\t\t<div class='gallery-icon landscape'>\n\t\t\t\t<a href='https:\/\/perfectwashlavanderia.com.br\/wp-content\/uploads\/2017\/10\/dsc00243.gif'><img loading=\"lazy\" decoding=\"async\" width=\"640\" height=\"480\" src=\"https:\/\/perfectwashlavanderia.com.br\/wp-content\/uploads\/2017\/10\/dsc00243.gif\" class=\"attachment-large size-large\" alt=\"\" \/><\/a>\n\t\t\t<\/div><\/figure><figure class='gallery-item'>\n\t\t\t<div class='gallery-icon landscape'>\n\t\t\t\t<a href='https:\/\/perfectwashlavanderia.com.br\/wp-content\/uploads\/2017\/10\/dsc00244.gif'><img loading=\"lazy\" decoding=\"async\" width=\"640\" height=\"480\" src=\"https:\/\/perfectwashlavanderia.com.br\/wp-content\/uploads\/2017\/10\/dsc00244.gif\" class=\"attachment-large size-large\" alt=\"\" \/><\/a>\n\t\t\t<\/div><\/figure><figure class='gallery-item'>\n\t\t\t<div class='gallery-icon landscape'>\n\t\t\t\t<a href='https:\/\/perfectwashlavanderia.com.br\/wp-content\/uploads\/2017\/10\/dsc00245.gif'><img loading=\"lazy\" decoding=\"async\" width=\"640\" height=\"480\" src=\"https:\/\/perfectwashlavanderia.com.br\/wp-content\/uploads\/2017\/10\/dsc00245.gif\" class=\"attachment-large size-large\" alt=\"\" \/><\/a>\n\t\t\t<\/div><\/figure><figure class='gallery-item'>\n\t\t\t<div class='gallery-icon landscape'>\n\t\t\t\t<a href='https:\/\/perfectwashlavanderia.com.br\/wp-content\/uploads\/2017\/10\/dsc00246.gif'><img loading=\"lazy\" decoding=\"async\" width=\"640\" height=\"480\" src=\"https:\/\/perfectwashlavanderia.com.br\/wp-content\/uploads\/2017\/10\/dsc00246.gif\" class=\"attachment-large size-large\" alt=\"\" \/><\/a>\n\t\t\t<\/div><\/figure><figure class='gallery-item'>\n\t\t\t<div class='gallery-icon landscape'>\n\t\t\t\t<a href='https:\/\/perfectwashlavanderia.com.br\/wp-content\/uploads\/2017\/10\/dsc00247.gif'><img loading=\"lazy\" decoding=\"async\" width=\"640\" height=\"480\" src=\"https:\/\/perfectwashlavanderia.com.br\/wp-content\/uploads\/2017\/10\/dsc00247.gif\" class=\"attachment-large size-large\" alt=\"\" \/><\/a>\n\t\t\t<\/div><\/figure><figure class='gallery-item'>\n\t\t\t<div class='gallery-icon landscape'>\n\t\t\t\t<a href='https:\/\/perfectwashlavanderia.com.br\/wp-content\/uploads\/2017\/10\/dsc00248.gif'><img loading=\"lazy\" decoding=\"async\" width=\"640\" height=\"480\" src=\"https:\/\/perfectwashlavanderia.com.br\/wp-content\/uploads\/2017\/10\/dsc00248.gif\" class=\"attachment-large size-large\" alt=\"\" \/><\/a>\n\t\t\t<\/div><\/figure><figure class='gallery-item'>\n\t\t\t<div class='gallery-icon landscape'>\n\t\t\t\t<a href='https:\/\/perfectwashlavanderia.com.br\/wp-content\/uploads\/2017\/10\/dsc00249.gif'><img loading=\"lazy\" decoding=\"async\" width=\"640\" height=\"480\" src=\"https:\/\/perfectwashlavanderia.com.br\/wp-content\/uploads\/2017\/10\/dsc00249.gif\" class=\"attachment-large size-large\" alt=\"\" \/><\/a>\n\t\t\t<\/div><\/figure><figure class='gallery-item'>\n\t\t\t<div class='gallery-icon landscape'>\n\t\t\t\t<a href='https:\/\/perfectwashlavanderia.com.br\/wp-content\/uploads\/2017\/10\/dsc00250.gif'><img loading=\"lazy\" decoding=\"async\" width=\"640\" height=\"480\" src=\"https:\/\/perfectwashlavanderia.com.br\/wp-content\/uploads\/2017\/10\/dsc00250.gif\" class=\"attachment-large size-large\" alt=\"\" \/><\/a>\n\t\t\t<\/div><\/figure><figure class='gallery-item'>\n\t\t\t<div class='gallery-icon landscape'>\n\t\t\t\t<a href='https:\/\/perfectwashlavanderia.com.br\/wp-content\/uploads\/2017\/10\/dsc00251.gif'><img loading=\"lazy\" decoding=\"async\" width=\"640\" height=\"480\" src=\"https:\/\/perfectwashlavanderia.com.br\/wp-content\/uploads\/2017\/10\/dsc00251.gif\" class=\"attachment-large size-large\" alt=\"\" \/><\/a>\n\t\t\t<\/div><\/figure><figure class='gallery-item'>\n\t\t\t<div class='gallery-icon landscape'>\n\t\t\t\t<a href='https:\/\/perfectwashlavanderia.com.br\/wp-content\/uploads\/2017\/10\/dsc00252.gif'><img loading=\"lazy\" decoding=\"async\" width=\"640\" height=\"480\" src=\"https:\/\/perfectwashlavanderia.com.br\/wp-content\/uploads\/2017\/10\/dsc00252.gif\" class=\"attachment-large size-large\" alt=\"\" \/><\/a>\n\t\t\t<\/div><\/figure><figure class='gallery-item'>\n\t\t\t<div class='gallery-icon landscape'>\n\t\t\t\t<a href='https:\/\/perfectwashlavanderia.com.br\/wp-content\/uploads\/2017\/10\/dsc00253.gif'><img loading=\"lazy\" decoding=\"async\" width=\"640\" height=\"480\" src=\"https:\/\/perfectwashlavanderia.com.br\/wp-content\/uploads\/2017\/10\/dsc00253.gif\" class=\"attachment-large size-large\" alt=\"\" \/><\/a>\n\t\t\t<\/div><\/figure><figure class='gallery-item'>\n\t\t\t<div class='gallery-icon landscape'>\n\t\t\t\t<a href='https:\/\/perfectwashlavanderia.com.br\/wp-content\/uploads\/2017\/10\/dsc00254.gif'><img loading=\"lazy\" decoding=\"async\" width=\"640\" height=\"480\" src=\"https:\/\/perfectwashlavanderia.com.br\/wp-content\/uploads\/2017\/10\/dsc00254.gif\" class=\"attachment-large size-large\" alt=\"\" \/><\/a>\n\t\t\t<\/div><\/figure><figure class='gallery-item'>\n\t\t\t<div class='gallery-icon landscape'>\n\t\t\t\t<a href='https:\/\/perfectwashlavanderia.com.br\/wp-content\/uploads\/2017\/10\/dsc00255.gif'><img loading=\"lazy\" decoding=\"async\" width=\"640\" height=\"480\" src=\"https:\/\/perfectwashlavanderia.com.br\/wp-content\/uploads\/2017\/10\/dsc00255.gif\" class=\"attachment-large size-large\" alt=\"\" \/><\/a>\n\t\t\t<\/div><\/figure><figure class='gallery-item'>\n\t\t\t<div class='gallery-icon landscape'>\n\t\t\t\t<a href='https:\/\/perfectwashlavanderia.com.br\/wp-content\/uploads\/2017\/10\/dsc00256.gif'><img loading=\"lazy\" decoding=\"async\" width=\"640\" height=\"480\" src=\"https:\/\/perfectwashlavanderia.com.br\/wp-content\/uploads\/2017\/10\/dsc00256.gif\" class=\"attachment-large size-large\" alt=\"\" \/><\/a>\n\t\t\t<\/div><\/figure><figure class='gallery-item'>\n\t\t\t<div class='gallery-icon landscape'>\n\t\t\t\t<a href='https:\/\/perfectwashlavanderia.com.br\/wp-content\/uploads\/2017\/10\/dsc00257.gif'><img loading=\"lazy\" decoding=\"async\" width=\"640\" height=\"480\" src=\"https:\/\/perfectwashlavanderia.com.br\/wp-content\/uploads\/2017\/10\/dsc00257.gif\" class=\"attachment-large size-large\" alt=\"\" \/><\/a>\n\t\t\t<\/div><\/figure><figure class='gallery-item'>\n\t\t\t<div class='gallery-icon landscape'>\n\t\t\t\t<a href='https:\/\/perfectwashlavanderia.com.br\/wp-content\/uploads\/2017\/10\/dsc00258.gif'><img loading=\"lazy\" decoding=\"async\" width=\"640\" height=\"480\" src=\"https:\/\/perfectwashlavanderia.com.br\/wp-content\/uploads\/2017\/10\/dsc00258.gif\" class=\"attachment-large size-large\" alt=\"\" \/><\/a>\n\t\t\t<\/div><\/figure><figure class='gallery-item'>\n\t\t\t<div class='gallery-icon landscape'>\n\t\t\t\t<a href='https:\/\/perfectwashlavanderia.com.br\/wp-content\/uploads\/2017\/10\/dsc00259.gif'><img loading=\"lazy\" decoding=\"async\" width=\"640\" height=\"480\" src=\"https:\/\/perfectwashlavanderia.com.br\/wp-content\/uploads\/2017\/10\/dsc00259.gif\" class=\"attachment-large size-large\" alt=\"\" \/><\/a>\n\t\t\t<\/div><\/figure><figure class='gallery-item'>\n\t\t\t<div class='gallery-icon landscape'>\n\t\t\t\t<a href='https:\/\/perfectwashlavanderia.com.br\/wp-content\/uploads\/2017\/10\/dsc00260.gif'><img loading=\"lazy\" decoding=\"async\" width=\"640\" height=\"480\" src=\"https:\/\/perfectwashlavanderia.com.br\/wp-content\/uploads\/2017\/10\/dsc00260.gif\" class=\"attachment-large size-large\" alt=\"\" \/><\/a>\n\t\t\t<\/div><\/figure><figure class='gallery-item'>\n\t\t\t<div class='gallery-icon landscape'>\n\t\t\t\t<a href='https:\/\/perfectwashlavanderia.com.br\/wp-content\/uploads\/2017\/10\/dsc00261.gif'><img loading=\"lazy\" decoding=\"async\" width=\"640\" height=\"480\" src=\"https:\/\/perfectwashlavanderia.com.br\/wp-content\/uploads\/2017\/10\/dsc00261.gif\" class=\"attachment-large size-large\" alt=\"\" \/><\/a>\n\t\t\t<\/div><\/figure><figure class='gallery-item'>\n\t\t\t<div class='gallery-icon landscape'>\n\t\t\t\t<a href='https:\/\/perfectwashlavanderia.com.br\/wp-content\/uploads\/2017\/10\/dsc00262.gif'><img loading=\"lazy\" decoding=\"async\" width=\"640\" height=\"480\" src=\"https:\/\/perfectwashlavanderia.com.br\/wp-content\/uploads\/2017\/10\/dsc00262.gif\" class=\"attachment-large size-large\" alt=\"\" \/><\/a>\n\t\t\t<\/div><\/figure><figure class='gallery-item'>\n\t\t\t<div class='gallery-icon landscape'>\n\t\t\t\t<a href='https:\/\/perfectwashlavanderia.com.br\/wp-content\/uploads\/2017\/10\/dsc00263.gif'><img loading=\"lazy\" decoding=\"async\" width=\"640\" height=\"480\" src=\"https:\/\/perfectwashlavanderia.com.br\/wp-content\/uploads\/2017\/10\/dsc00263.gif\" class=\"attachment-large size-large\" alt=\"\" \/><\/a>\n\t\t\t<\/div><\/figure><figure class='gallery-item'>\n\t\t\t<div class='gallery-icon landscape'>\n\t\t\t\t<a href='https:\/\/perfectwashlavanderia.com.br\/wp-content\/uploads\/2017\/10\/dsc00264.gif'><img loading=\"lazy\" decoding=\"async\" width=\"640\" height=\"480\" src=\"https:\/\/perfectwashlavanderia.com.br\/wp-content\/uploads\/2017\/10\/dsc00264.gif\" class=\"attachment-large size-large\" alt=\"\" \/><\/a>\n\t\t\t<\/div><\/figure><figure class='gallery-item'>\n\t\t\t<div class='gallery-icon landscape'>\n\t\t\t\t<a href='https:\/\/perfectwashlavanderia.com.br\/wp-content\/uploads\/2017\/10\/dsc00265.gif'><img loading=\"lazy\" decoding=\"async\" width=\"640\" height=\"480\" src=\"https:\/\/perfectwashlavanderia.com.br\/wp-content\/uploads\/2017\/10\/dsc00265.gif\" class=\"attachment-large size-large\" alt=\"\" \/><\/a>\n\t\t\t<\/div><\/figure><figure class='gallery-item'>\n\t\t\t<div class='gallery-icon landscape'>\n\t\t\t\t<a href='https:\/\/perfectwashlavanderia.com.br\/wp-content\/uploads\/2017\/10\/dsc00266.gif'><img loading=\"lazy\" decoding=\"async\" width=\"640\" height=\"480\" src=\"https:\/\/perfectwashlavanderia.com.br\/wp-content\/uploads\/2017\/10\/dsc00266.gif\" class=\"attachment-large size-large\" alt=\"\" \/><\/a>\n\t\t\t<\/div><\/figure><figure class='gallery-item'>\n\t\t\t<div class='gallery-icon landscape'>\n\t\t\t\t<a href='https:\/\/perfectwashlavanderia.com.br\/wp-content\/uploads\/2017\/10\/dsc00267.gif'><img loading=\"lazy\" decoding=\"async\" width=\"640\" height=\"480\" src=\"https:\/\/perfectwashlavanderia.com.br\/wp-content\/uploads\/2017\/10\/dsc00267.gif\" class=\"attachment-large size-large\" alt=\"\" \/><\/a>\n\t\t\t<\/div><\/figure><figure class='gallery-item'>\n\t\t\t<div class='gallery-icon landscape'>\n\t\t\t\t<a href='https:\/\/perfectwashlavanderia.com.br\/wp-content\/uploads\/2017\/10\/dsc00268.gif'><img loading=\"lazy\" decoding=\"async\" width=\"640\" height=\"480\" src=\"https:\/\/perfectwashlavanderia.com.br\/wp-content\/uploads\/2017\/10\/dsc00268.gif\" class=\"attachment-large size-large\" alt=\"\" \/><\/a>\n\t\t\t<\/div><\/figure><figure class='gallery-item'>\n\t\t\t<div class='gallery-icon landscape'>\n\t\t\t\t<a href='https:\/\/perfectwashlavanderia.com.br\/wp-content\/uploads\/2017\/10\/dsc00269.gif'><img loading=\"lazy\" decoding=\"async\" width=\"640\" height=\"480\" src=\"https:\/\/perfectwashlavanderia.com.br\/wp-content\/uploads\/2017\/10\/dsc00269.gif\" class=\"attachment-large size-large\" alt=\"\" \/><\/a>\n\t\t\t<\/div><\/figure><figure class='gallery-item'>\n\t\t\t<div class='gallery-icon landscape'>\n\t\t\t\t<a href='https:\/\/perfectwashlavanderia.com.br\/wp-content\/uploads\/2017\/10\/dsc00270.gif'><img loading=\"lazy\" decoding=\"async\" width=\"640\" height=\"480\" src=\"https:\/\/perfectwashlavanderia.com.br\/wp-content\/uploads\/2017\/10\/dsc00270.gif\" class=\"attachment-large size-large\" alt=\"\" \/><\/a>\n\t\t\t<\/div><\/figure><figure class='gallery-item'>\n\t\t\t<div class='gallery-icon landscape'>\n\t\t\t\t<a href='https:\/\/perfectwashlavanderia.com.br\/wp-content\/uploads\/2017\/10\/dsc00271.gif'><img loading=\"lazy\" decoding=\"async\" width=\"640\" height=\"480\" src=\"https:\/\/perfectwashlavanderia.com.br\/wp-content\/uploads\/2017\/10\/dsc00271.gif\" class=\"attachment-large size-large\" alt=\"\" \/><\/a>\n\t\t\t<\/div><\/figure><figure class='gallery-item'>\n\t\t\t<div class='gallery-icon landscape'>\n\t\t\t\t<a href='https:\/\/perfectwashlavanderia.com.br\/wp-content\/uploads\/2017\/10\/dsc00272.gif'><img loading=\"lazy\" decoding=\"async\" width=\"640\" height=\"480\" src=\"https:\/\/perfectwashlavanderia.com.br\/wp-content\/uploads\/2017\/10\/dsc00272.gif\" class=\"attachment-large size-large\" alt=\"\" \/><\/a>\n\t\t\t<\/div><\/figure><figure class='gallery-item'>\n\t\t\t<div class='gallery-icon landscape'>\n\t\t\t\t<a href='https:\/\/perfectwashlavanderia.com.br\/wp-content\/uploads\/2017\/10\/dsc00273.gif'><img loading=\"lazy\" decoding=\"async\" width=\"640\" height=\"480\" src=\"https:\/\/perfectwashlavanderia.com.br\/wp-content\/uploads\/2017\/10\/dsc00273.gif\" class=\"attachment-large size-large\" alt=\"\" \/><\/a>\n\t\t\t<\/div><\/figure><figure class='gallery-item'>\n\t\t\t<div class='gallery-icon landscape'>\n\t\t\t\t<a href='https:\/\/perfectwashlavanderia.com.br\/wp-content\/uploads\/2017\/10\/dsc00274.gif'><img loading=\"lazy\" decoding=\"async\" width=\"640\" height=\"480\" src=\"https:\/\/perfectwashlavanderia.com.br\/wp-content\/uploads\/2017\/10\/dsc00274.gif\" class=\"attachment-large size-large\" alt=\"\" \/><\/a>\n\t\t\t<\/div><\/figure><figure class='gallery-item'>\n\t\t\t<div class='gallery-icon landscape'>\n\t\t\t\t<a href='https:\/\/perfectwashlavanderia.com.br\/wp-content\/uploads\/2017\/10\/dsc00275.gif'><img loading=\"lazy\" decoding=\"async\" width=\"640\" height=\"480\" src=\"https:\/\/perfectwashlavanderia.com.br\/wp-content\/uploads\/2017\/10\/dsc00275.gif\" class=\"attachment-large size-large\" alt=\"\" \/><\/a>\n\t\t\t<\/div><\/figure><figure class='gallery-item'>\n\t\t\t<div class='gallery-icon landscape'>\n\t\t\t\t<a href='https:\/\/perfectwashlavanderia.com.br\/wp-content\/uploads\/2017\/10\/dsc00276.gif'><img loading=\"lazy\" decoding=\"async\" width=\"640\" height=\"480\" src=\"https:\/\/perfectwashlavanderia.com.br\/wp-content\/uploads\/2017\/10\/dsc00276.gif\" class=\"attachment-large size-large\" alt=\"\" \/><\/a>\n\t\t\t<\/div><\/figure><figure class='gallery-item'>\n\t\t\t<div class='gallery-icon landscape'>\n\t\t\t\t<a href='https:\/\/perfectwashlavanderia.com.br\/wp-content\/uploads\/2017\/10\/dsc00277.gif'><img loading=\"lazy\" decoding=\"async\" width=\"640\" height=\"480\" src=\"https:\/\/perfectwashlavanderia.com.br\/wp-content\/uploads\/2017\/10\/dsc00277.gif\" class=\"attachment-large size-large\" alt=\"\" \/><\/a>\n\t\t\t<\/div><\/figure><figure class='gallery-item'>\n\t\t\t<div class='gallery-icon landscape'>\n\t\t\t\t<a href='https:\/\/perfectwashlavanderia.com.br\/wp-content\/uploads\/2017\/10\/dsc00278.gif'><img loading=\"lazy\" decoding=\"async\" width=\"640\" height=\"480\" src=\"https:\/\/perfectwashlavanderia.com.br\/wp-content\/uploads\/2017\/10\/dsc00278.gif\" class=\"attachment-large size-large\" alt=\"\" \/><\/a>\n\t\t\t<\/div><\/figure><figure class='gallery-item'>\n\t\t\t<div class='gallery-icon landscape'>\n\t\t\t\t<a href='https:\/\/perfectwashlavanderia.com.br\/wp-content\/uploads\/2017\/10\/dsc00279.gif'><img loading=\"lazy\" decoding=\"async\" width=\"640\" height=\"480\" src=\"https:\/\/perfectwashlavanderia.com.br\/wp-content\/uploads\/2017\/10\/dsc00279.gif\" class=\"attachment-large size-large\" alt=\"\" \/><\/a>\n\t\t\t<\/div><\/figure><figure class='gallery-item'>\n\t\t\t<div class='gallery-icon landscape'>\n\t\t\t\t<a href='https:\/\/perfectwashlavanderia.com.br\/wp-content\/uploads\/2017\/10\/dsc00280.gif'><img loading=\"lazy\" decoding=\"async\" width=\"640\" height=\"480\" src=\"https:\/\/perfectwashlavanderia.com.br\/wp-content\/uploads\/2017\/10\/dsc00280.gif\" class=\"attachment-large size-large\" alt=\"\" \/><\/a>\n\t\t\t<\/div><\/figure><figure class='gallery-item'>\n\t\t\t<div class='gallery-icon landscape'>\n\t\t\t\t<a href='https:\/\/perfectwashlavanderia.com.br\/wp-content\/uploads\/2017\/10\/dsc00281.gif'><img loading=\"lazy\" decoding=\"async\" width=\"640\" height=\"480\" src=\"https:\/\/perfectwashlavanderia.com.br\/wp-content\/uploads\/2017\/10\/dsc00281.gif\" class=\"attachment-large size-large\" alt=\"\" \/><\/a>\n\t\t\t<\/div><\/figure><figure class='gallery-item'>\n\t\t\t<div class='gallery-icon landscape'>\n\t\t\t\t<a href='https:\/\/perfectwashlavanderia.com.br\/wp-content\/uploads\/2017\/10\/dsc00282.gif'><img loading=\"lazy\" decoding=\"async\" width=\"640\" height=\"480\" src=\"https:\/\/perfectwashlavanderia.com.br\/wp-content\/uploads\/2017\/10\/dsc00282.gif\" class=\"attachment-large size-large\" alt=\"\" \/><\/a>\n\t\t\t<\/div><\/figure>\n\t\t<\/div>\n<\/p>\n<\/div><\/div><\/div><\/div><\/div><\/div>","protected":false},"excerpt":{"rendered":"<p>Servi\u00e7os de lavanderia: Limpeza e Higieniza\u00e7\u00e3o Roupas de uso pessoal , cama, mesa, banho, enxoval, roupas de beb\u00ea, tapetes, cortinas, cobertores, edredons, bolsas, bon\u00e9s, caminha de cachorro\/gato, t\u00eanis e sapato Higieniza\u00e7\u00e3o Malas , bolsas, bon\u00e9s, carrinho de beb\u00ea, beb\u00ea conforto, alguns tipos de cal\u00e7ados Tingimento Camisas, camisetas, cal\u00e7as, bermudas, vestidos, jaquetas, toalhas, roup\u00e3o, blusa, blazer, &hellip;<\/p>\n","protected":false},"author":1,"featured_media":0,"parent":0,"menu_order":0,"comment_status":"closed","ping_status":"closed","template":"","meta":{"footnotes":""},"acf":[],"_links":{"self":[{"href":"https:\/\/perfectwashlavanderia.com.br\/index.php\/wp-json\/wp\/v2\/pages\/592"}],"collection":[{"href":"https:\/\/perfectwashlavanderia.com.br\/index.php\/wp-json\/wp\/v2\/pages"}],"about":[{"href":"https:\/\/perfectwashlavanderia.com.br\/index.php\/wp-json\/wp\/v2\/types\/page"}],"author":[{"embeddable":true,"href":"https:\/\/perfectwashlavanderia.com.br\/index.php\/wp-json\/wp\/v2\/users\/1"}],"replies":[{"embeddable":true,"href":"https:\/\/perfectwashlavanderia.com.br\/index.php\/wp-json\/wp\/v2\/comments?post=592"}],"version-history":[{"count":31,"href":"https:\/\/perfectwashlavanderia.com.br\/index.php\/wp-json\/wp\/v2\/pages\/592\/revisions"}],"predecessor-version":[{"id":753,"href":"https:\/\/perfectwashlavanderia.com.br\/index.php\/wp-json\/wp\/v2\/pages\/592\/revisions\/753"}],"wp:attachment":[{"href":"https:\/\/perfectwashlavanderia.com.br\/index.php\/wp-json\/wp\/v2\/media?parent=592"}],"curies":[{"name":"wp","href":"https:\/\/api.w.org\/{rel}","templated":true}]}}